{"id":267,"date":"2016-06-14T11:02:09","date_gmt":"2016-06-14T08:02:09","guid":{"rendered":"http:\/\/www.enescom.com.tr\/?page_id=267"},"modified":"2017-09-22T13:55:52","modified_gmt":"2017-09-22T10:55:52","slug":"referanslar","status":"publish","type":"page","link":"https:\/\/www.enescom.com.tr\/?page_id=267","title":{"rendered":"REFERANSLAR"},"content":{"rendered":"<p>Ankara ve \u00c7evre illerde 750 den fazla Likom kullan\u0131c\u0131s\u0131na Destek Veriyoruz.<\/p>\n<p>&nbsp;<\/p>\n","protected":false},"excerpt":{"rendered":"<p>Ankara ve \u00c7evre illerde 750 den fazla Likom kullan\u0131c\u0131s\u0131na Destek Veriyoruz. &nbsp;<\/p>\n","protected":false},"author":1,"featured_media":0,"parent":0,"menu_order":0,"comment_status":"closed","ping_status":"open","template":"","meta":[],"_links":{"self":[{"href":"https:\/\/www.enescom.com.tr\/index.php?rest_route=\/wp\/v2\/pages\/267"}],"collection":[{"href":"https:\/\/www.enescom.com.tr\/index.php?rest_route=\/wp\/v2\/pages"}],"about":[{"href":"https:\/\/www.enescom.com.tr\/index.php?rest_route=\/wp\/v2\/types\/page"}],"author":[{"embeddable":true,"href":"https:\/\/www.enescom.com.tr\/index.php?rest_route=\/wp\/v2\/users\/1"}],"replies":[{"embeddable":true,"href":"https:\/\/www.enescom.com.tr\/index.php?rest_route=%2Fwp%2Fv2%2Fcomments&post=267"}],"version-history":[{"count":3,"href":"https:\/\/www.enescom.com.tr\/index.php?rest_route=\/wp\/v2\/pages\/267\/revisions"}],"predecessor-version":[{"id":290,"href":"https:\/\/www.enescom.com.tr\/index.php?rest_route=\/wp\/v2\/pages\/267\/revisions\/290"}],"wp:attachment":[{"href":"https:\/\/www.enescom.com.tr\/index.php?rest_route=%2Fwp%2Fv2%2Fmedia&parent=267"}],"curies":[{"name":"wp","href":"https:\/\/api.w.org\/{rel}","templated":true}]}}