{"id":13,"date":"2015-04-17T14:36:16","date_gmt":"2015-04-17T11:36:16","guid":{"rendered":"http:\/\/www.enescom.com.tr\/?page_id=13"},"modified":"2017-09-22T14:02:05","modified_gmt":"2017-09-22T11:02:05","slug":"anasayfa","status":"publish","type":"page","link":"https:\/\/www.enescom.com.tr\/","title":{"rendered":"Anasayfa"},"content":{"rendered":"<p><ul class=\"grid cs-style-1\"><li style=\"width:278px; margin-left: 0px !important\">\n\t\t\t\t\t<figure>\n\t\t\t\t\t\t<img src=\"http:\/\/www.enescom.com.tr\/wp-content\/uploads\/2022\/01\/likomyetkilisatici.png\"\/>\n\t\t\t\t\t\t<figcaption>\n\t\t\t\t\t\t\t<a style=\"margin-top:15px;margin-left:15px\" href=\"\" target=\"\">\n\t\t\t\t\t\t\t\t<h3>L\u0130KOM YAZILIM<\/h3>\n\t\t\t\t\t\t\t\t<span><\/span>\n\t\t\t\t\t\t\t<\/a>\n\t\t\t\t\t\t\t<\/figcaption>\n\t\t\t\t\t<\/figure>\n\t\t\t\t<\/li><\/ul> Likom Yaz\u0131l\u0131m Yetkili Sat\u0131c\u0131s\u0131<\/p>\n<p>Likom Yaz\u0131l\u0131m Yetkili Sat\u0131\u015f Sonras\u0131 Hizmetleri &amp; Destek ve \u00c7\u00f6z\u00fcm Orta\u011f\u0131<\/p>\n","protected":false},"excerpt":{"rendered":"<p>Likom Yaz\u0131l\u0131m Yetkili Sat\u0131c\u0131s\u0131 Likom Yaz\u0131l\u0131m Yetkili Sat\u0131\u015f Sonras\u0131 Hizmetleri &amp; Destek ve \u00c7\u00f6z\u00fcm Orta\u011f\u0131<\/p>\n","protected":false},"author":1,"featured_media":0,"parent":0,"menu_order":0,"comment_status":"closed","ping_status":"open","template":"","meta":[],"_links":{"self":[{"href":"https:\/\/www.enescom.com.tr\/index.php?rest_route=\/wp\/v2\/pages\/13"}],"collection":[{"href":"https:\/\/www.enescom.com.tr\/index.php?rest_route=\/wp\/v2\/pages"}],"about":[{"href":"https:\/\/www.enescom.com.tr\/index.php?rest_route=\/wp\/v2\/types\/page"}],"author":[{"embeddable":true,"href":"https:\/\/www.enescom.com.tr\/index.php?rest_route=\/wp\/v2\/users\/1"}],"replies":[{"embeddable":true,"href":"https:\/\/www.enescom.com.tr\/index.php?rest_route=%2Fwp%2Fv2%2Fcomments&post=13"}],"version-history":[{"count":43,"href":"https:\/\/www.enescom.com.tr\/index.php?rest_route=\/wp\/v2\/pages\/13\/revisions"}],"predecessor-version":[{"id":293,"href":"https:\/\/www.enescom.com.tr\/index.php?rest_route=\/wp\/v2\/pages\/13\/revisions\/293"}],"wp:attachment":[{"href":"https:\/\/www.enescom.com.tr\/index.php?rest_route=%2Fwp%2Fv2%2Fmedia&parent=13"}],"curies":[{"name":"wp","href":"https:\/\/api.w.org\/{rel}","templated":true}]}}